[INFO] fetching crate actix-web-macros 0.1.0...
[INFO] checking actix-web-macros-0.1.0 against master#af3c6e733a40e671550e0f0f5aeecaa13772ba56 for pr-74989
[INFO] extracting crate actix-web-macros 0.1.0 into /workspace/builds/worker-0/source
[INFO] validating manifest of crates.io crate actix-web-macros 0.1.0 on toolchain af3c6e733a40e671550e0f0f5aeecaa13772ba56
[INFO] running `Command { std: "/workspace/cargo-home/bin/cargo" "+af3c6e733a40e671550e0f0f5aeecaa13772ba56" "read-manifest" "--manifest-path" "Cargo.toml", kill_on_drop: false }`
[INFO] started tweaking crates.io crate actix-web-macros 0.1.0
[INFO] finished tweaking crates.io crate actix-web-macros 0.1.0
[INFO] tweaked toml for crates.io crate actix-web-macros 0.1.0 written to /workspace/builds/worker-0/source/Cargo.toml
[INFO] running `Command { std: "/workspace/cargo-home/bin/cargo" "+af3c6e733a40e671550e0f0f5aeecaa13772ba56" "generate-lockfile" "--manifest-path" "Cargo.toml" "-Zno-index-update", kill_on_drop: false }`
[INFO] running `Command { std: "/workspace/cargo-home/bin/cargo" "+af3c6e733a40e671550e0f0f5aeecaa13772ba56" "fetch" "--locked" "--manifest-path" "Cargo.toml", kill_on_drop: false }`
[INFO] running `Command { std: "docker" "create" "-v" "/var/lib/crater-agent-workspace/builds/worker-0/target:/opt/rustwide/target:rw,Z" "-v" "/var/lib/crater-agent-workspace/builds/worker-0/source:/opt/rustwide/workdir:ro,Z" "-v" "/var/lib/crater-agent-workspace/cargo-home:/opt/rustwide/cargo-home:ro,Z" "-v" "/var/lib/crater-agent-workspace/rustup-home:/opt/rustwide/rustup-home:ro,Z" "-e" "SOURCE_DIR=/opt/rustwide/workdir" "-e" "CARGO_TARGET_DIR=/opt/rustwide/target" "-e" "CARGO_HOME=/opt/rustwide/cargo-home" "-e" "RUSTUP_HOME=/opt/rustwide/rustup-home" "-w" "/opt/rustwide/workdir" "-m" "1610612736" "--user" "0:0" "--network" "none" "rustops/crates-build-env@sha256:d92eaeed33fa75130ca1ee6c8a01d1ffb62bac859dfdfb3450e3e5d1c0146529" "/opt/rustwide/cargo-home/bin/cargo" "+af3c6e733a40e671550e0f0f5aeecaa13772ba56" "metadata" "--no-deps" "--format-version=1", kill_on_drop: false }`
[INFO] [stdout] d850b8d441fa418d4808dae530ddc548ef4dfd195a2b433eb4f0ce2777528056
[INFO] [stderr] WARNING: Your kernel does not support swap limit capabilities or the cgroup is not mounted. Memory limited without swap.
[INFO] running `Command { std: "docker" "start" "-a" "d850b8d441fa418d4808dae530ddc548ef4dfd195a2b433eb4f0ce2777528056", kill_on_drop: false }`
[INFO] running `Command { std: "docker" "inspect" "d850b8d441fa418d4808dae530ddc548ef4dfd195a2b433eb4f0ce2777528056", kill_on_drop: false }`
[INFO] running `Command { std: "docker" "rm" "-f" "d850b8d441fa418d4808dae530ddc548ef4dfd195a2b433eb4f0ce2777528056", kill_on_drop: false }`
[INFO] [stdout] d850b8d441fa418d4808dae530ddc548ef4dfd195a2b433eb4f0ce2777528056
[INFO] running `Command { std: "docker" "create" "-v" "/var/lib/crater-agent-workspace/builds/worker-0/target:/opt/rustwide/target:rw,Z" "-v" "/var/lib/crater-agent-workspace/builds/worker-0/source:/opt/rustwide/workdir:ro,Z" "-v" "/var/lib/crater-agent-workspace/cargo-home:/opt/rustwide/cargo-home:ro,Z" "-v" "/var/lib/crater-agent-workspace/rustup-home:/opt/rustwide/rustup-home:ro,Z" "-e" "SOURCE_DIR=/opt/rustwide/workdir" "-e" "CARGO_TARGET_DIR=/opt/rustwide/target" "-e" "CARGO_INCREMENTAL=0" "-e" "RUST_BACKTRACE=full" "-e" "RUSTFLAGS=--cap-lints=forbid" "-e" "CARGO_HOME=/opt/rustwide/cargo-home" "-e" "RUSTUP_HOME=/opt/rustwide/rustup-home" "-w" "/opt/rustwide/workdir" "-m" "1610612736" "--user" "0:0" "--network" "none" "rustops/crates-build-env@sha256:d92eaeed33fa75130ca1ee6c8a01d1ffb62bac859dfdfb3450e3e5d1c0146529" "/opt/rustwide/cargo-home/bin/cargo" "+af3c6e733a40e671550e0f0f5aeecaa13772ba56" "check" "--frozen" "--all" "--all-targets" "--message-format=json", kill_on_drop: false }`
[INFO] [stdout] 6fb671fa65629a4e204f5694981b7a34c0d1845638e9e3d555cc7388460e1ddb
[INFO] [stderr] WARNING: Your kernel does not support swap limit capabilities or the cgroup is not mounted. Memory limited without swap.
[INFO] running `Command { std: "docker" "start" "-a" "6fb671fa65629a4e204f5694981b7a34c0d1845638e9e3d555cc7388460e1ddb", kill_on_drop: false }`
[INFO] [stderr]    Compiling proc-macro2 v1.0.21
[INFO] [stderr]    Compiling syn v1.0.40
[INFO] [stderr]    Compiling libc v0.2.77
[INFO] [stderr]    Compiling unicode-xid v0.2.1
[INFO] [stderr]     Checking cfg-if v0.1.10
[INFO] [stderr]    Compiling memchr v2.3.3
[INFO] [stderr]    Compiling log v0.4.11
[INFO] [stderr]     Checking slab v0.4.2
[INFO] [stderr]     Checking futures-core v0.3.5
[INFO] [stderr]     Checking lazy_static v1.4.0
[INFO] [stderr]     Checking futures-sink v0.3.5
[INFO] [stderr]    Compiling proc-macro-hack v0.5.18
[INFO] [stderr]     Checking bytes v0.5.6
[INFO] [stderr]    Compiling pin-project-internal v0.4.23
[INFO] [stderr]     Checking arc-swap v0.4.7
[INFO] [stderr]    Compiling proc-macro-nested v0.1.6
[INFO] [stderr]     Checking once_cell v1.4.1
[INFO] [stderr]     Checking pin-project-lite v0.1.7
[INFO] [stderr]     Checking pin-utils v0.1.0
[INFO] [stderr]     Checking futures-io v0.3.5
[INFO] [stderr]     Checking smallvec v1.4.2
[INFO] [stderr]    Compiling bitflags v1.2.1
[INFO] [stderr]     Checking scopeguard v1.1.0
[INFO] [stderr]     Checking instant v0.1.6
[INFO] [stderr]    Compiling getrandom v0.1.15
[INFO] [stderr]     Checking matches v0.1.8
[INFO] [stderr]     Checking copyless v0.1.5
[INFO] [stderr]     Checking tinyvec v0.3.4
[INFO] [stderr]    Compiling serde_derive v1.0.116
[INFO] [stderr]     Checking itoa v0.4.6
[INFO] [stderr]     Checking percent-encoding v2.1.0
[INFO] [stderr]     Checking either v1.6.0
[INFO] [stderr]     Checking adler v0.2.3
[INFO] [stderr]    Compiling unicode-segmentation v1.6.0
[INFO] [stderr]     Checking ppv-lite86 v0.2.9
[INFO] [stderr]    Compiling serde v1.0.116
[INFO] [stderr]     Checking gimli v0.22.0
[INFO] [stderr]     Checking fnv v1.0.7
[INFO] [stderr]    Compiling autocfg v1.0.1
[INFO] [stderr]    Compiling cc v1.0.59
[INFO] [stderr]    Compiling const_fn v0.4.2
[INFO] [stderr]     Checking rustc-demangle v0.1.16
[INFO] [stderr]     Checking object v0.20.0
[INFO] [stderr]     Checking match_cfg v0.1.0
[INFO] [stderr]     Checking linked-hash-map v0.5.3
[INFO] [stderr]     Checking quick-error v1.2.3
[INFO] [stderr]    Compiling crc32fast v1.2.0
[INFO] [stderr]    Compiling ryu v1.0.5
[INFO] [stderr]    Compiling byteorder v1.3.4
[INFO] [stderr]    Compiling encoding_rs v0.8.24
[INFO] [stderr]     Checking hashbrown v0.9.0
[INFO] [stderr]    Compiling serde_json v1.0.57
[INFO] [stderr]     Checking regex-syntax v0.6.18
[INFO] [stderr]    Compiling httparse v1.3.4
[INFO] [stderr]     Checking dtoa v0.4.6
[INFO] [stderr]     Checking mime v0.3.16
[INFO] [stderr]     Checking language-tags v0.2.2
[INFO] [stderr]    Compiling standback v0.2.10
[INFO] [stderr]    Compiling generic-array v0.14.4
[INFO] [stderr]    Compiling time v0.2.18
[INFO] [stderr]    Compiling cookie v0.14.2
[INFO] [stderr]     Checking thread_local v1.0.1
[INFO] [stderr]     Checking tracing-core v0.1.16
[INFO] [stderr]     Checking futures-channel v0.3.5
[INFO] [stderr]     Checking lock_api v0.4.1
[INFO] [stderr]     Checking futures-task v0.3.5
[INFO] [stderr]     Checking unicode-bidi v0.3.4
[INFO] [stderr]     Checking miniz_oxide v0.4.1
[INFO] [stderr]     Checking unicode-normalization v0.1.13
[INFO] [stderr]     Checking bytestring v0.1.5
[INFO] [stderr]     Checking http v0.2.1
[INFO] [stderr]     Checking lru-cache v0.1.2
[INFO] [stderr]    Compiling heck v0.3.1
[INFO] [stderr]    Compiling indexmap v1.6.0
[INFO] [stderr]     Checking tracing v0.1.19
[INFO] [stderr]     Checking aho-corasick v0.7.13
[INFO] [stderr]     Checking quote v1.0.7
[INFO] [stderr]     Checking fxhash v0.2.1
[INFO] [stderr]     Checking block-buffer v0.9.0
[INFO] [stderr]     Checking digest v0.9.0
[INFO] [stderr]     Checking sha-1 v0.9.1
[INFO] [stderr]     Checking iovec v0.1.4
[INFO] [stderr]     Checking net2 v0.2.35
[INFO] [stderr]     Checking signal-hook-registry v1.2.1
[INFO] [stderr]     Checking parking_lot_core v0.8.0
[INFO] [stderr]     Checking num_cpus v1.13.0
[INFO] [stderr]     Checking hostname v0.3.1
[INFO] [stderr]     Checking socket2 v0.3.15
[INFO] [stderr]     Checking flate2 v1.0.17
[INFO] [stderr]     Checking idna v0.2.0
[INFO] [stderr]    Compiling brotli-sys v0.3.2
[INFO] [stderr]     Checking resolv-conf v0.6.3
[INFO] [stderr]     Checking threadpool v1.8.1
[INFO] [stderr]     Checking rand_core v0.5.1
[INFO] [stderr]     Checking parking_lot v0.11.0
[INFO] [stderr]     Checking mio v0.6.22
[INFO] [stderr]     Checking rand_chacha v0.2.2
[INFO] [stderr]     Checking rand v0.7.3
[INFO] [stderr]     Checking url v2.1.1
[INFO] [stderr]     Checking mio-uds v0.6.8
[INFO] [stderr]     Checking tokio v0.2.22
[INFO] [stderr]     Checking addr2line v0.13.0
[INFO] [stderr]     Checking regex v1.3.9
[INFO] [stderr]     Checking backtrace v0.3.50
[INFO] [stderr]     Checking tokio-util v0.3.1
[INFO] [stderr]     Checking tokio-util v0.2.0
[INFO] [stderr]     Checking actix-codec v0.2.0
[INFO] [stderr]     Checking actix-web-macros v0.1.0 (/opt/rustwide/workdir)
[INFO] [stderr]     Checking brotli2 v0.3.2
[INFO] [stderr]    Compiling futures-macro v0.3.5
[INFO] [stderr]    Compiling derive_more v0.99.10
[INFO] [stderr]    Compiling actix-macros v0.1.2
[INFO] [stderr]    Compiling thiserror-impl v1.0.20
[INFO] [stderr]    Compiling async-trait v0.1.40
[INFO] [stderr]    Compiling enum-as-inner v0.3.3
[INFO] [stderr]    Compiling time-macros-impl v0.1.1
[INFO] [stderr]    Compiling actix-web-codegen v0.3.0
[INFO] [stderr]     Checking time-macros v0.1.0
[INFO] [stderr]     Checking thiserror v1.0.20
[INFO] [stderr]     Checking pin-project v0.4.23
[INFO] [stderr]     Checking futures-util v0.3.5
[INFO] [stderr]     Checking actix-codec v0.3.0
[INFO] [stderr]     Checking actix-threadpool v0.3.3
[INFO] [stderr]     Checking futures-executor v0.3.5
[INFO] [stderr]     Checking actix-service v1.0.6
[INFO] [stderr]     Checking actix-rt v1.1.1
[INFO] [stderr]     Checking h2 v0.2.6
[INFO] [stderr]     Checking futures v0.3.5
[INFO] [stderr]     Checking trust-dns-proto v0.19.5
[INFO] [stderr]     Checking actix-utils v2.0.0
[INFO] [stderr]     Checking actix-utils v1.0.6
[INFO] [stderr]     Checking actix-server v1.0.3
[INFO] [stderr]     Checking actix-tls v2.0.0
[INFO] [stderr]     Checking actix-testing v1.0.1
[INFO] [stderr]     Checking trust-dns-resolver v0.19.5
[INFO] [stderr]     Checking actix-connect v2.0.0
[INFO] [stderr]     Checking serde_urlencoded v0.6.1
[INFO] [stderr]     Checking actix-router v0.2.4
[INFO] [stderr]     Checking actix-http v2.0.0
[INFO] [stderr]     Checking awc v2.0.0
[INFO] [stderr]     Checking actix-web v3.0.0
[INFO] [stdout] error[E0432]: unresolved import `actix_web_codegen`
[INFO] [stdout]  --> tests/test_macro.rs:6:5
[INFO] [stdout]   |
[INFO] [stdout] 6 | use actix_web_codegen::{connect, delete, get, head, options, patch, post, put, trace};
[INFO] [stdout]   |     ^^^^^^^^^^^^^^^^^ use of undeclared type or module `actix_web_codegen`
[INFO] [stdout] 
[INFO] [stdout] 
[INFO] [stdout] error: cannot determine resolution for the attribute macro `get`
[INFO] [stdout]   --> tests/test_macro.rs:11:3
[INFO] [stdout]    |
[INFO] [stdout] 11 | #[get("/config")]
[INFO] [stdout]    |   ^^^
[INFO] [stdout]    |
[INFO] [stdout]    = note: import resolution is stuck, try simplifying macro imports
[INFO] [stdout] 
[INFO] [stdout] 
[INFO] [stdout] error: cannot determine resolution for the attribute macro `get`
[INFO] [stdout]   --> tests/test_macro.rs:16:3
[INFO] [stdout]    |
[INFO] [stdout] 16 | #[get("/test")]
[INFO] [stdout]    |   ^^^
[INFO] [stdout]    |
[INFO] [stdout]    = note: import resolution is stuck, try simplifying macro imports
[INFO] [stdout] 
[INFO] [stdout] 
[INFO] [stdout] error: cannot determine resolution for the attribute macro `put`
[INFO] [stdout]   --> tests/test_macro.rs:21:3
[INFO] [stdout]    |
[INFO] [stdout] 21 | #[put("/test")]
[INFO] [stdout]    |   ^^^
[INFO] [stdout]    |
[INFO] [stdout]    = note: import resolution is stuck, try simplifying macro imports
[INFO] [stdout] 
[INFO] [stdout] 
[INFO] [stdout] error: cannot determine resolution for the attribute macro `patch`
[INFO] [stdout]   --> tests/test_macro.rs:26:3
[INFO] [stdout]    |
[INFO] [stdout] 26 | #[patch("/test")]
[INFO] [stdout]    |   ^^^^^
[INFO] [stdout]    |
[INFO] [stdout]    = note: import resolution is stuck, try simplifying macro imports
[INFO] [stdout] 
[INFO] [stdout] 
[INFO] [stdout] error: cannot determine resolution for the attribute macro `post`
[INFO] [stdout]   --> tests/test_macro.rs:31:3
[INFO] [stdout]    |
[INFO] [stdout] 31 | #[post("/test")]
[INFO] [stdout]    |   ^^^^
[INFO] [stdout]    |
[INFO] [stdout]    = note: import resolution is stuck, try simplifying macro imports
[INFO] [stdout] 
[INFO] [stdout] 
[INFO] [stdout] error: cannot determine resolution for the attribute macro `head`
[INFO] [stdout]   --> tests/test_macro.rs:36:3
[INFO] [stdout]    |
[INFO] [stdout] 36 | #[head("/test")]
[INFO] [stdout]    |   ^^^^
[INFO] [stdout]    |
[INFO] [stdout]    = note: import resolution is stuck, try simplifying macro imports
[INFO] [stdout] 
[INFO] [stdout] 
[INFO] [stdout] error: cannot determine resolution for the attribute macro `connect`
[INFO] [stdout]   --> tests/test_macro.rs:41:3
[INFO] [stdout]    |
[INFO] [stdout] 41 | #[connect("/test")]
[INFO] [stdout]    |   ^^^^^^^
[INFO] [stdout]    |
[INFO] [stdout]    = note: import resolution is stuck, try simplifying macro imports
[INFO] [stdout] 
[INFO] [stdout] 
[INFO] [stdout] error: cannot determine resolution for the attribute macro `options`
[INFO] [stdout]   --> tests/test_macro.rs:46:3
[INFO] [stdout]    |
[INFO] [stdout] 46 | #[options("/test")]
[INFO] [stdout]    |   ^^^^^^^
[INFO] [stdout]    |
[INFO] [stdout]    = note: import resolution is stuck, try simplifying macro imports
[INFO] [stdout] 
[INFO] [stdout] 
[INFO] [stdout] error: cannot determine resolution for the attribute macro `trace`
[INFO] [stdout]   --> tests/test_macro.rs:51:3
[INFO] [stdout]    |
[INFO] [stdout] 51 | #[trace("/test")]
[INFO] [stdout]    |   ^^^^^
[INFO] [stdout]    |
[INFO] [stdout]    = note: import resolution is stuck, try simplifying macro imports
[INFO] [stdout] 
[INFO] [stdout] 
[INFO] [stdout] error: cannot determine resolution for the attribute macro `get`
[INFO] [stdout]   --> tests/test_macro.rs:56:3
[INFO] [stdout]    |
[INFO] [stdout] 56 | #[get("/test")]
[INFO] [stdout]    |   ^^^
[INFO] [stdout]    |
[INFO] [stdout]    = note: import resolution is stuck, try simplifying macro imports
[INFO] [stdout] 
[INFO] [stdout] 
[INFO] [stdout] error: cannot determine resolution for the attribute macro `get`
[INFO] [stdout]   --> tests/test_macro.rs:61:3
[INFO] [stdout]    |
[INFO] [stdout] 61 | #[get("/test")]
[INFO] [stdout]    |   ^^^
[INFO] [stdout]    |
[INFO] [stdout]    = note: import resolution is stuck, try simplifying macro imports
[INFO] [stdout] 
[INFO] [stdout] 
[INFO] [stdout] error: cannot determine resolution for the attribute macro `put`
[INFO] [stdout]   --> tests/test_macro.rs:66:3
[INFO] [stdout]    |
[INFO] [stdout] 66 | #[put("/test/{param}")]
[INFO] [stdout]    |   ^^^
[INFO] [stdout]    |
[INFO] [stdout]    = note: import resolution is stuck, try simplifying macro imports
[INFO] [stdout] 
[INFO] [stdout] 
[INFO] [stdout] error: cannot determine resolution for the attribute macro `delete`
[INFO] [stdout]   --> tests/test_macro.rs:71:3
[INFO] [stdout]    |
[INFO] [stdout] 71 | #[delete("/test/{param}")]
[INFO] [stdout]    |   ^^^^^^
[INFO] [stdout]    |
[INFO] [stdout]    = note: import resolution is stuck, try simplifying macro imports
[INFO] [stdout] 
[INFO] [stdout] 
[INFO] [stdout] error: cannot determine resolution for the attribute macro `get`
[INFO] [stdout]   --> tests/test_macro.rs:76:3
[INFO] [stdout]    |
[INFO] [stdout] 76 | #[get("/test/{param}")]
[INFO] [stdout]    |   ^^^
[INFO] [stdout]    |
[INFO] [stdout]    = note: import resolution is stuck, try simplifying macro imports
[INFO] [stdout] 
[INFO] [stdout] 
[INFO] [stdout] error: cannot determine resolution for the attribute macro `get`
[INFO] [stdout]    --> tests/test_macro.rs:135:3
[INFO] [stdout]     |
[INFO] [stdout] 135 | #[get("/test/wrap", wrap = "ChangeStatusCode")]
[INFO] [stdout]     |   ^^^
[INFO] [stdout]     |
[INFO] [stdout]     = note: import resolution is stuck, try simplifying macro imports
[INFO] [stdout] 
[INFO] [stdout] 
[INFO] [stdout] error[E0277]: the trait bound `fn(actix_web::web::Path<String>) -> impl futures::Future {get_param_test}: HttpServiceFactory` is not satisfied
[INFO] [stdout]    --> tests/test_macro.rs:144:22
[INFO] [stdout]     |
[INFO] [stdout] 144 |             .service(get_param_test)
[INFO] [stdout]     |                      ^^^^^^^^^^^^^^ the trait `HttpServiceFactory` is not implemented for `fn(actix_web::web::Path<String>) -> impl futures::Future {get_param_test}`
[INFO] [stdout] 
[INFO] [stdout] 
[INFO] [stdout] error[E0277]: the trait bound `fn(actix_web::web::Path<String>) -> impl futures::Future {put_param_test}: HttpServiceFactory` is not satisfied
[INFO] [stdout]    --> tests/test_macro.rs:145:22
[INFO] [stdout]     |
[INFO] [stdout] 145 |             .service(put_param_test)
[INFO] [stdout]     |                      ^^^^^^^^^^^^^^ the trait `HttpServiceFactory` is not implemented for `fn(actix_web::web::Path<String>) -> impl futures::Future {put_param_test}`
[INFO] [stdout] 
[INFO] [stdout] 
[INFO] [stdout] error[E0277]: the trait bound `fn(actix_web::web::Path<String>) -> impl futures::Future {delete_param_test}: HttpServiceFactory` is not satisfied
[INFO] [stdout]    --> tests/test_macro.rs:146:22
[INFO] [stdout]     |
[INFO] [stdout] 146 |             .service(delete_param_test)
[INFO] [stdout]     |                      ^^^^^^^^^^^^^^^^^ the trait `HttpServiceFactory` is not implemented for `fn(actix_web::web::Path<String>) -> impl futures::Future {delete_param_test}`
[INFO] [stdout] 
[INFO] [stdout] 
[INFO] [stdout] error[E0277]: the trait bound `fn() -> impl futures::Future {post_test}: HttpServiceFactory` is not satisfied
[INFO] [stdout]    --> tests/test_macro.rs:166:22
[INFO] [stdout]     |
[INFO] [stdout] 166 |             .service(post_test)
[INFO] [stdout]     |                      ^^^^^^^^^ the trait `HttpServiceFactory` is not implemented for `fn() -> impl futures::Future {post_test}`
[INFO] [stdout] 
[INFO] [stdout] 
[INFO] [stdout] error[E0277]: the trait bound `fn() -> impl futures::Future {put_test}: HttpServiceFactory` is not satisfied
[INFO] [stdout]    --> tests/test_macro.rs:167:22
[INFO] [stdout]     |
[INFO] [stdout] 167 |             .service(put_test)
[INFO] [stdout]     |                      ^^^^^^^^ the trait `HttpServiceFactory` is not implemented for `fn() -> impl futures::Future {put_test}`
[INFO] [stdout] 
[INFO] [stdout] 
[INFO] [stdout] error[E0277]: the trait bound `fn() -> impl futures::Future {head_test}: HttpServiceFactory` is not satisfied
[INFO] [stdout]    --> tests/test_macro.rs:168:22
[INFO] [stdout]     |
[INFO] [stdout] 168 |             .service(head_test)
[INFO] [stdout]     |                      ^^^^^^^^^ the trait `HttpServiceFactory` is not implemented for `fn() -> impl futures::Future {head_test}`
[INFO] [stdout] 
[INFO] [stdout] 
[INFO] [stdout] error[E0277]: the trait bound `fn() -> impl futures::Future {connect_test}: HttpServiceFactory` is not satisfied
[INFO] [stdout]    --> tests/test_macro.rs:169:22
[INFO] [stdout]     |
[INFO] [stdout] 169 |             .service(connect_test)
[INFO] [stdout]     |                      ^^^^^^^^^^^^ the trait `HttpServiceFactory` is not implemented for `fn() -> impl futures::Future {connect_test}`
[INFO] [stdout] 
[INFO] [stdout] 
[INFO] [stdout] error[E0277]: the trait bound `fn() -> impl futures::Future {options_test}: HttpServiceFactory` is not satisfied
[INFO] [stdout]    --> tests/test_macro.rs:170:22
[INFO] [stdout]     |
[INFO] [stdout] 170 |             .service(options_test)
[INFO] [stdout]     |                      ^^^^^^^^^^^^ the trait `HttpServiceFactory` is not implemented for `fn() -> impl futures::Future {options_test}`
[INFO] [stdout] 
[INFO] [stdout] 
[INFO] [stdout] error[E0277]: the trait bound `fn() -> impl futures::Future {trace_test}: HttpServiceFactory` is not satisfied
[INFO] [stdout]    --> tests/test_macro.rs:171:22
[INFO] [stdout]     |
[INFO] [stdout] 171 |             .service(trace_test)
[INFO] [stdout]     |                      ^^^^^^^^^^ the trait `HttpServiceFactory` is not implemented for `fn() -> impl futures::Future {trace_test}`
[INFO] [stdout] 
[INFO] [stdout] 
[INFO] [stdout] error[E0277]: the trait bound `fn() -> impl futures::Future {patch_test}: HttpServiceFactory` is not satisfied
[INFO] [stdout]    --> tests/test_macro.rs:172:22
[INFO] [stdout]     |
[INFO] [stdout] 172 |             .service(patch_test)
[INFO] [stdout]     |                      ^^^^^^^^^^ the trait `HttpServiceFactory` is not implemented for `fn() -> impl futures::Future {patch_test}`
[INFO] [stdout] 
[INFO] [stdout] 
[INFO] [stdout] error[E0277]: the trait bound `fn() -> impl futures::Future {test_handler}: HttpServiceFactory` is not satisfied
[INFO] [stdout]    --> tests/test_macro.rs:173:22
[INFO] [stdout]     |
[INFO] [stdout] 173 |             .service(test_handler)
[INFO] [stdout]     |                      ^^^^^^^^^^^^ the trait `HttpServiceFactory` is not implemented for `fn() -> impl futures::Future {test_handler}`
[INFO] [stdout] 
[INFO] [stdout] 
[INFO] [stdout] error[E0277]: the trait bound `fn() -> impl futures::Future {auto_async}: HttpServiceFactory` is not satisfied
[INFO] [stdout]    --> tests/test_macro.rs:216:49
[INFO] [stdout]     |
[INFO] [stdout] 216 |     let srv = test::start(|| App::new().service(auto_async));
[INFO] [stdout]     |                                                 ^^^^^^^^^^ the trait `HttpServiceFactory` is not implemented for `fn() -> impl futures::Future {auto_async}`
[INFO] [stdout] 
[INFO] [stdout] 
[INFO] [stdout] error[E0277]: the trait bound `fn(actix_web::web::Path<String>) -> impl futures::Future {get_warp}: HttpServiceFactory` is not satisfied
[INFO] [stdout]    --> tests/test_macro.rs:227:22
[INFO] [stdout]     |
[INFO] [stdout] 227 |             .service(get_warp)
[INFO] [stdout]     |                      ^^^^^^^^ the trait `HttpServiceFactory` is not implemented for `fn(actix_web::web::Path<String>) -> impl futures::Future {get_warp}`
[INFO] [stdout] 
[INFO] [stdout] 
[INFO] [stdout] error: aborting due to 29 previous errors
[INFO] [stdout] 
[INFO] [stdout] 
[INFO] [stdout] Some errors have detailed explanations: E0277, E0432.
[INFO] [stdout] 
[INFO] [stdout] For more information about an error, try `rustc --explain E0277`.
[INFO] [stdout] 
[INFO] [stderr] error: could not compile `actix-web-macros`.
[INFO] [stderr] 
[INFO] [stderr] To learn more, run the command again with --verbose.
[INFO] running `Command { std: "docker" "inspect" "6fb671fa65629a4e204f5694981b7a34c0d1845638e9e3d555cc7388460e1ddb", kill_on_drop: false }`
[INFO] running `Command { std: "docker" "rm" "-f" "6fb671fa65629a4e204f5694981b7a34c0d1845638e9e3d555cc7388460e1ddb", kill_on_drop: false }`
[INFO] [stdout] 6fb671fa65629a4e204f5694981b7a34c0d1845638e9e3d555cc7388460e1ddb
